 10. Let s(z) = z + 1. Let p(l) = r(l) + 3*s(l). Determine p(v).
7
Let p(w) be the first derivative of 7*w**2/2 + 74*w - 6797. Calculate p(-11).
-3
Let z = 211 + -199. Suppose 32*l - 34*l - z = 0. Let r(x) = x + 2. Determine r(l).
-4
Suppose 108 = 8*z + 12. Suppose 24*i - z = 28*i. Let c(d) = 4*d + 12. What is c(i)?
0
Let i(t) = -24*t**3 - 33*t**2 + 13*t - 37. Let j(r) = 131*r**3 + 166*r**2 - 65*r + 185. Let x(q) = -11*i(q) - 2*j(q). Determine x(-16).
-11
Let d = 3069 - 3071. Let v(x) = -2*x**2 - 5*x - 2. What is v(d)?
0
Let d(v) = -v + 1. Suppose -2*p - 8 = -4. Let h(m) = -m**2 - 10*m + 11. Let i(y) = p*h(y) + 18*d(y). Suppose -194*w + 174*w = -13 + 73. Calculate i(w).
8
Let m(r) = -r**3 + 8*r**2 + 20*r - 21. Suppose -q - 76 = -2*g - 49, 6*q + 32 = -g. Calculate m(g).
-21
Let z(i) = 24*i - 19. Let f(v) = 2*v + 1. Let q(p) = -5*f(p) + z(p). What is q(2)?
4
Let m(c) = -c + 326. Let n(w) = -2*w + 167. Let l(x) = -6*m(x) + 13*n(x). What is l(11)?
-5
Let x be ((-3)/9)/(-6 + (-534)/(-90)). Let c(n) be the third derivative of n**5/60 - n**4/6 - n**3 - 35*n**2. Give c(x).
-1
Let v(r) = -r**2 + 8*r. Let c = 66 + -68. Let g be 2 + 0 + c + 6. Determine v(g).
12
Suppose -136*f + 11 = -135*f - 4*a, 0 = 4*f - 3*a - 18. Let l(p) = 4*p + 26. Calculate l(f).
38
Let p(o) = -90*o + 14. Let r(a) = 32*a - 5. Let n(t) = 6*p(t) + 17*r(t). Suppose -q - 4 = q. Calculate n(q).
-9
Let o(x) = x**2 + 7*x - 29. Let m(q) = -q**2 - 9*q + 21. Let n(v) = -3*m(v) - 2*o(v). What is n(-4)?
-41
Let b(d) be the first derivative of d**2/2 + 39*d - 9550. Give b(-46).
-7
Let d be ((-1 + 0)*33)/(2229/(-743)). Let q(k) = -55*k + 599. Determine q(d).
-6
Let x = -1679 + 1682. Let h(z) be the second derivative of 0 - 1/6*z**x - 19*z - 7/2*z**2. Give h(-5).
-2
Let j(i) = 2*i**2 + 2*i + 8. Let v be 414/(-161) + (-20)/14. What is j(v)?
32
Let c(o) = -1582*o**2 + 18*o + 1581*o**2 + 8*o - 2. Calculate c(25).
23
Suppose 0 = 18*g + 106*g - 496. Let a(x) = -x**2 + 5*x - 2. Determine a(g).
2
Suppose -23*i + 104 = 81. Let y(q) = -17*q - 8 - 9 + 20 - 4. What is y(i)?
-18
Suppose -956 = -20*d - 236. Let v(m) = 319*m - 319*m + d*m**2. Determine v(1).
36
Let q(n) = 0*n - 7 - n + 2*n + 0*n. Let w be (963/45 - 8/20)/3. Give q(w).
0
Suppose -4*w + 7*w = -6. Let x = w + 3. Let y(l) = 26*l - 6*l - 10*l - 5*l - x. What is y(2)?
9
Suppose -1890 = 13*h + 50*h. Let n be -6*(h/5 + 7). Let m(t) = t**3 + 7*t**2 + 6*t - 4. Determine m(n).
-4
Let h(s) be the second derivative of s**6/360 + s**5/40 - s**4/24 - 55*s**3/3 - s**2/2 - 227*s. Let r(x) be the second derivative of h(x). What is r(-6)?
17
Let i(g) = -38*g**2 - 48*g - 64. Let m(s) = 59*s**2 + 73*s + 97. Let j(u) = 14*i(u) + 9*m(u). Calculate j(-13).
3
Let c(w) = -w. Suppose 14 = 4*b - 0*b + 3*d, 4*d - 12 = -4*b. Let l(m) = -4*m - 3. Let t(y) = b*c(y) - l(y). Suppose 38*k + 104*k - 994 = 0. Determine t(k).
-4
Let z(o) = 15*o + 13. Let t be z(5). Suppose -4*c - d - 30 = -t, c = d + 12. Let n(b) = 8*b + 8*b**2 - 13*b**3 + c*b**3 - b + 7. What is n(-7)?
7
Let u(f) = -4*f**2 - 41*f + 252. Let o(s) = 7*s**2 + 82*s - 483. Let q(v) = -3*o(v) - 5*u(v). Determine q(-45).
9
Let a(p) = -33*p**3 - 5*p**2 + 3*p + 5. Let c(i) = 17*i**3 + 2*i**2 - i - 2. Let x(m) = -2*a(m) - 5*c(m). Let l be (-35)/(-98)*2/(-5)*(2 - 9). Calculate x(l).
-20
Let k(q) = 5*q**2 - 174*q - 37. Suppose 5*l = 2*z - 100, -z + 5*l = -35 - 30. What is k(z)?
-2
Let j(z) = -8*z - 5*z + 6*z + 4. Let d(w) = -w**2 - 5*w + 10. Suppose 0 = -c + 11*c + 60. Let p be d(c). Determine j(p).
-24
Let f(s) = -2*s**3 + 4*s**2 - 7. Let b(o) = 3*o**3 + o**2 - 1. Let v(y) = 6*b(y) - f(y). Give v(-1).
-17
Let s(a) be the third derivative of -a**6/120 - a**5/12 - 5*a**4/24 - 53*a**2. Determine s(-2).
-2
Let w = -828912 - -828920. Let q(h) be the second derivative of -2*h**3/3 + 25*h**2/2 - h. Determine q(w).
-7
Let n be 3 - (-1 + 1) - 113. Suppose -19*k - 1002 - 1088 = 0. Let b = k - n. Let v(y) = y**3 - y**2 + y + 6. Determine v(b).
6
Suppose -o + 67 = 2*o - 2*i, -3*o = -3*i - 72. Let l = -12 + o. Suppose -l + 3 = u. Let f(a) = 4*a + 4. Determine f(u).
-12
Let m(g) be the first derivative of -3*g**2/2 + 5*g - 1. Suppose 0 = 814*b - 1099 - 858 - 485. Determine m(b).
-4
Let r(o) = -3*o - 55*o**3 - 4*o**2 + 34*o**3 + 22*o**3 - 1 + 5*o + 3*o**2. Let p be 4*(5 - 45/10). Give r(p).
7
Let i = 5 - 9. Let c be i/(2 + -4 - -3). Let k(s) = 1558 + 1560 + 1560 - s - 4675. What is k(c)?
7
Let c(u) be the third derivative of 0 + 1/60*u**5 + 0*u - 4/3*u**3 - 8*u**2 - 1/4*u**4. Suppose -3*z + 22 = -2*b, 0*z = -z + 5*b + 16. What is c(z)?
-8
Let w(b) = -5*b**3 + 37*b**2 + 31*b - 12. Let g(y) = 3*y**3 - 24*y**2 - 20*y + 8. Let f(u) = 8*g(u) + 5*w(u). Give f(-7).
39
Let r(c) = 3*c + 1. Let q(t) = t**3 - 6*t**2 - 17*t + 10. Suppose 7*l - 6 = -48. Let m be (-32)/l*12/8. Let p be q(m). What is r(p)?
7
Let n(b) be the first derivative of -b**2 + 26. Let z be 12 + -9 + 2*-3. What is n(z)?
6
Let k(r) = r**3 - 9*r**2 + 23*r + 1. Let u be ((-2464)/(-1584))/((-2)/(-9)). Calculate k(u).
64
Let t(d) be the third derivative of -d**5/60 + 7*d**4/12 - 11*d**3/6 + 5*d**2 + 276*d. Calculate t(13).
2
Suppose -6*d = -2*d + 12. Let w(u) = -1 + 5737*u - 11495*u - 3 + 5744*u. What is w(d)?
38
Let p = 36 + 39. Let q = p + -63. Suppose 110*h - 108*h - q = 0. Let d(n) = -n**3 + 7*n**2 - 8*n + 4. Calculate d(h).
-8
Let y(b) = b + 2. Let r = -1082 - -1078. Determine y(r).
-2
Let r(b) = -b**3 - 14*b**2 - 12*b + 14. Let a = -72 - 287. Let j = 346 + a. Calculate r(j).
1
Let c(l) be the first derivative of l**2/2 - 9. Let s(n) = 4*n - 1. Let u(p) = 3*c(p) - s(p). Suppose -3*w + 3 = 0, 2*w = -b + 3*w + 1. Calculate u(b).
-1
Let d(x) = -7*x**2 - 79*x - 174. Let c(i) = -3*i**2 - 38*i - 87. Let o(g) = 9*c(g) - 4*d(g). Give o(29).
0
Let u(s) = s**3 + 4*s**2 + 3*s - 5. Suppose -t = 0, 4*m = 3*m + 2*t + 90. Suppose -95*w - 20 = -m*w. What is u(w)?
-17
Let t(r) = 7*r - 2. Let h be (-5)/(-2) + 0 + (-99)/198. Let o(n) = -3*n + 1. Let x(s) = h*t(s) + 4*o(s). What is x(-6)?
-12
Let j(l) be the first derivative of -l**4/4 - 11*l**3/3 + 7*l**2 - 13*l - 2296. Calculate j(-12).
-37
Let q(n) = -n**3 + 6*n**2 + 4*n - 10. Suppose 5*v - 47*t = -45*t + 25, 0 = -5*v + 4*t + 15. Determine q(v).
-31
Let x be (-4 - (15/12)/(5/(-20))) + -4. Let y(m) = 2*m**2 + 3*m + 3. What is y(x)?
12
Let u = -5364 - -5363. Let z(f) = 7*f**2 - 4*f - 3. What is z(u)?
8
Let y(a) = a**2 - 3*a - 13. Suppose 3*z + 2*d = -2*z - 3347, 0 = z - 2*d + 667. Let i = 675 + z. What is y(i)?
5
Let t(b) be the second derivative of b**4/12 + 5*b**3/6 - 11*b**2/2 + 376*b. Determine t(-5).
-11
Let f(a) = a**2 - 3*a - 23. Let q(l) = 898*l - 13461. Let n be q(15). Calculate f(n).
31
Let j(w) = 55*w**2. Let a be j(1). Suppose 4*g = 3*g - 5*m - 19, 5*g - 5*m = a. Suppose g*n - 9*n = 3. Let y(u) = -u. Calculate y(n).
1
Let l(o) = 30*o**2 - 11*o - 6. Let x(r) = -253*r**2 + 90*r + 48. Let i(q) = 17*l(q) + 2*x(q). Calculate i(-1).
5
Let k(d) = d**3 - 13*d**2 - 13. Let j(z) = 5*z**3 + 54*z**2 + 40*z + 13. Let m be j(-10). Calculate k(m).
-13
Let z(u) be the second derivative of -u**5/20 + u**4/12 + 5*u**3/6 + u**2 + u. Let o be ((-168)/(-308))/((-2)/11). Determine z(o).
23
Let v be -2 + (19/4)/(6/(-24)). Let k be -9 + (6 - v/(-7)). Let c(y) = -y**2 - 6*y + 1. Give c(k).
1
Let j(w) = 43*w**2 + 3 - 121*w - 6 + 122*w. Determine j(1).
41
Suppose 11*c = 7*c + 8. Suppose -3*l = 5*t + 23, -4*t - 9 - 27 = -c*l. Let h(q) = q**3 + 8*q**2 + 8*q. Calculate h(t).
-7
Suppose 0 = -25*i + 315 + 185. Suppose -i + 4 = 4*s. Let x(q) = q - 4. What is x(s)?
-8
Let t(y) = 2*y**2 + 16*y + 36. Suppose -3*i = -s + 4, 2*i - 2*s + 6*s = -26. What is t(i)?
6
Let v(w) = 82*w**2 + 50*w - 14. Let p(d) = -15*d**2 - 10*d + 3. Let y(z) = -11*p(z) - 2*v(z). Suppose 2*f = 5*x, -32 = 7*f - 3*f - 2*x. What is y(f)?
-5
Let j = 52 - 53. Let p(l) = l**3 + l**2 + l - 1. Let f(v) = 5*v**3 + 8*v**2 + 2*v - 7. Let t(z) = j*f(z) + 4*p(z). Determine t(-4).
-5
Let c(u) be the first derivative of -48 + 1/2*u**2 - 11*u. Calculate c(0).
-11
Suppose 0 = o - 5, -5*o = -5*v - 0*v. Suppose v*q = q + 356. Let k(s) = 86*s**2 - 2*s**3 - q*s**2 + 3*s**3. What is k(4)?
16
Let z(c) = -4*c + 18. Suppose 3*m - 4*n = 20, m + n - 20 = 5*n. Determine z(m).
18
Let p(i) = i**3 + 4*i**2 - 8*i - 6. Suppo